{"id":2298,"date":"2024-09-12T21:13:19","date_gmt":"2024-09-12T19:13:19","guid":{"rendered":"https:\/\/www.kinderaugenarzt-zuerich.ch\/about\/"},"modified":"2026-03-02T11:00:36","modified_gmt":"2026-03-02T10:00:36","slug":"edona-desku","status":"publish","type":"page","link":"https:\/\/www.first-sight.ch\/en\/edona-desku\/","title":{"rendered":"Edona Desku"},"content":{"rendered":"\n<div class=\"background-section background style-secondary\">\n<div  class=\"page-section layout-default align-vcenter\">\n\t<div class=\"section-grid grid-layout container\"><div  style=\"--grid-layout-index: 1; --col-xs: 9; --col-sm: 8; --col-md: 8; --col-lg: 8; --col-xl: 8\" class=\"section-item layout-default layout-margin-default\"><div class=\"overhead-line\">\n<p>Orthoptist HF<\/p>\n<\/div>\n<h1>Edona Desku<\/h1>\n<\/div><\/div>\n<\/div>\n\n<div class=\"translated-image-section\">\n\t<div class=\"container\">\n\t\t\t<img loading=\"lazy\" decoding=\"async\" width=\"1312\" height=\"572\" src=\"https:\/\/www.first-sight.ch\/wp-content\/uploads\/Team-Edona-Desku-1312x572.jpg\" class=\"attachment-intro-image-landscape size-intro-image-landscape\" alt=\"\" srcset=\"https:\/\/www.first-sight.ch\/wp-content\/uploads\/Team-Edona-Desku-1312x572.jpg 1312w, https:\/\/www.first-sight.ch\/wp-content\/uploads\/Team-Edona-Desku-2624x1144.jpg 2624w\" sizes=\"auto, (max-width: 1312px) 100vw, 1312px\" \/>\n\t<\/div>\n<\/div><\/div>\n<div class=\"background-section background style-default\">\n<div  class=\"page-section layout-default align-vcenter\">\n\t<div class=\"section-grid grid-layout container\"><div  style=\"--grid-layout-index: 1; --col-xs: 8; --col-sm: 7; --col-md: 7; --col-lg: 7; --col-xl: 7\" class=\"section-item layout-default layout-margin-default\"><p>I am <strong>Edona Desku<\/strong>, and for many years I have passionately worked as an orthoptist. My career began with training as an optician (EFZ) at Fielmann in Langenthal, where I discovered my enthusiasm for vision and optics. To deepen my expertise, I completed training as a certified orthoptist at the University Hospital Zurich (USZ) Eye Clinic and the Center for Health Education (ZAG) in Winterthur. This intensive time allowed me to gain valuable knowledge in diagnosing and treating visual impairments, strabismus, and eye muscle disorders. During my training, I met Stefan Langenegger, and we enjoyed working together even back then. We look forward to working together again in the future.<\/p>\n<p>In my professional career so far, I have worked for Arztpraxen Net at various locations, particularly at the Eye Center with Dr. Duba and the Vista Eye Clinic. Through this, I was able to gather diverse experiences in different areas of orthoptics and further develop my approach and patience when working with patients.<\/p>\n<p>A special focus of mine is working with children and adolescents. Their natural curiosity and openness enrich my daily work. It is particularly important to me to create a trusting and calming atmosphere for our young patients, where they feel comfortable and safe. With empathy, I address their individual needs and accompany them on their journey to improved vision.<\/p>\n<p>I look forward to welcoming you and your family to our practice and working together to provide the best possible care for your eyes.**<\/p>\n\n\n<div class=\"buttons\">\n\t<div class=\"button-group\">\n\n\t\t\t<a\n\t\t\t\thref=\"https:\/\/www.first-sight.ch\/en\/contact\/\" class=\"button style-default with-arrow\"\n\t\t\t>\n\t\t\t\tMake an appointment\n\t\t\t<\/a>\n\t<\/div>\n<\/div><\/div><\/div>\n<\/div><\/div><script type=\"application\/ld+json\">\n{\n  \"@context\": \"https:\/\/schema.org\",\n  \"@type\": \"Person\",\n  \"name\": \"Edona Desku\",\n  \"image\": \"https:\/\/www.first-sight.ch\/wp-content\/uploads\/edona-desku-2-1312x572.jpg\",\n  \"jobTitle\": \"Orthoptistin HF\",\n  \"description\": \"Edona Desku ist dipl. Orthoptistin mit langj\u00e4hriger Erfahrung in der Diagnostik und Therapie von Sehschw\u00e4chen, Schielen und Augenmuskelerkrankungen. Sie betreut insbesondere Kinder einf\u00fchlsam in ihrer Sehentwicklung.\",\n  \"worksFor\": {\n    \"@type\": \"MedicalClinic\",\n    \"name\": \"First Sight Augenpraxis\",\n    \"address\": {\n      \"@type\": \"PostalAddress\",\n      \"streetAddress\": \"Bahnhofplatz 9\",\n      \"addressLocality\": \"Z\u00fcrich\",\n      \"postalCode\": \"8001\",\n      \"addressCountry\": \"CH\"\n    },\n    \"telephone\": \"+41 44 442 04 05\"\n  },\n  \"url\": \"https:\/\/www.first-sight.ch\/edona-desku\/\"\n}\n<\/script>\n","protected":false},"excerpt":{"rendered":"<p>Orthoptist HF Edona Desku I am Edona Desku, and for many years I have passionately worked as an orthoptist. My career began with training as an optician (EFZ) at Fielmann in Langenthal, where I discovered my enthusiasm for vision and optics. To deepen my expertise, I completed training as a certified orthoptist at the University [&hellip;]<\/p>\n","protected":false},"author":1,"featured_media":0,"parent":0,"menu_order":0,"comment_status":"closed","ping_status":"closed","template":"","meta":{"_acf_changed":false,"inline_featured_image":false,"footnotes":""},"class_list":["post-2298","page","type-page","status-publish","hentry"],"acf":[],"_links":{"self":[{"href":"https:\/\/www.first-sight.ch\/en\/wp-json\/wp\/v2\/pages\/2298","targetHints":{"allow":["GET"]}}],"collection":[{"href":"https:\/\/www.first-sight.ch\/en\/wp-json\/wp\/v2\/pages"}],"about":[{"href":"https:\/\/www.first-sight.ch\/en\/wp-json\/wp\/v2\/types\/page"}],"author":[{"embeddable":true,"href":"https:\/\/www.first-sight.ch\/en\/wp-json\/wp\/v2\/users\/1"}],"replies":[{"embeddable":true,"href":"https:\/\/www.first-sight.ch\/en\/wp-json\/wp\/v2\/comments?post=2298"}],"version-history":[{"count":8,"href":"https:\/\/www.first-sight.ch\/en\/wp-json\/wp\/v2\/pages\/2298\/revisions"}],"predecessor-version":[{"id":3221,"href":"https:\/\/www.first-sight.ch\/en\/wp-json\/wp\/v2\/pages\/2298\/revisions\/3221"}],"wp:attachment":[{"href":"https:\/\/www.first-sight.ch\/en\/wp-json\/wp\/v2\/media?parent=2298"}],"curies":[{"name":"wp","href":"https:\/\/api.w.org\/{rel}","templated":true}]}}

<div class="background-section background style-secondary">
<div  class="page-section layout-default align-vcenter">
	<div class="section-grid grid-layout container"><div  style="--grid-layout-index: 1; --col-xs: 9; --col-sm: 8; --col-md: 8; --col-lg: 8; --col-xl: 8" class="section-item layout-default layout-margin-default"><div class="overhead-line">
<p>Orthoptist HF</p>
</div>
<h1>Edona Desku</h1>
</div></div>
</div>

<div class="translated-image-section">
	<div class="container">
			<img loading="lazy" decoding="async" width="1312" height="572" src="https://www.first-sight.ch/wp-content/uploads/Team-Edona-Desku-1312x572.jpg" class="attachment-intro-image-landscape size-intro-image-landscape" alt="" srcset="https://www.first-sight.ch/wp-content/uploads/Team-Edona-Desku-1312x572.jpg 1312w, https://www.first-sight.ch/wp-content/uploads/Team-Edona-Desku-2624x1144.jpg 2624w" sizes="auto, (max-width: 1312px) 100vw, 1312px" />
	</div>
</div></div>
<div class="background-section background style-default">
<div  class="page-section layout-default align-vcenter">
	<div class="section-grid grid-layout container"><div  style="--grid-layout-index: 1; --col-xs: 8; --col-sm: 7; --col-md: 7; --col-lg: 7; --col-xl: 7" class="section-item layout-default layout-margin-default"><p>I am <strong>Edona Desku</strong>, and for many years I have passionately worked as an orthoptist. My career began with training as an optician (EFZ) at Fielmann in Langenthal, where I discovered my enthusiasm for vision and optics. To deepen my expertise, I completed training as a certified orthoptist at the University Hospital Zurich (USZ) Eye Clinic and the Center for Health Education (ZAG) in Winterthur. This intensive time allowed me to gain valuable knowledge in diagnosing and treating visual impairments, strabismus, and eye muscle disorders. During my training, I met Stefan Langenegger, and we enjoyed working together even back then. We look forward to working together again in the future.</p>
<p>In my professional career so far, I have worked for Arztpraxen Net at various locations, particularly at the Eye Center with Dr. Duba and the Vista Eye Clinic. Through this, I was able to gather diverse experiences in different areas of orthoptics and further develop my approach and patience when working with patients.</p>
<p>A special focus of mine is working with children and adolescents. Their natural curiosity and openness enrich my daily work. It is particularly important to me to create a trusting and calming atmosphere for our young patients, where they feel comfortable and safe. With empathy, I address their individual needs and accompany them on their journey to improved vision.</p>
<p>I look forward to welcoming you and your family to our practice and working together to provide the best possible care for your eyes.**</p>


<div class="buttons">
	<div class="button-group">

			<a
				href="https://www.first-sight.ch/en/contact/" class="button style-default with-arrow"
			>
				Make an appointment
			</a>
	</div>
</div></div></div>
</div></div><script type="application/ld+json">
{
  "@context": "https://schema.org",
  "@type": "Person",
  "name": "Edona Desku",
  "image": "https://www.first-sight.ch/wp-content/uploads/edona-desku-2-1312x572.jpg",
  "jobTitle": "Orthoptistin HF",
  "description": "Edona Desku ist dipl. Orthoptistin mit langjähriger Erfahrung in der Diagnostik und Therapie von Sehschwächen, Schielen und Augenmuskelerkrankungen. Sie betreut insbesondere Kinder einfühlsam in ihrer Sehentwicklung.",
  "worksFor": {
    "@type": "MedicalClinic",
    "name": "First Sight Augenpraxis",
    "address": {
      "@type": "PostalAddress",
      "streetAddress": "Bahnhofplatz 9",
      "addressLocality": "Zürich",
      "postalCode": "8001",
      "addressCountry": "CH"
    },
    "telephone": "+41 44 442 04 05"
  },
  "url": "https://www.first-sight.ch/edona-desku/"
}
</script>
